e millions digit of 110301907?
0
What is the hundred thousands digit of 6115584707?
5
What is the millions digit of 278286694?
8
What is the units digit of 1569458816?
6
What is the hundred thousands digit of 480848377?
8
What is the ten millions digit of 255520628?
5
What is the millions digit of 863629360?
3
What is the hundred thousands digit of 1787944939?
9
What is the ten millions digit of 1045489733?
4
What is the tens digit of 99536872?
7
What is the hundred thousands digit of 932154409?
1
What is the units digit of 6361665537?
7
What is the thousands digit of 852047173?
7
What is the hundreds digit of 55434606?
6
What is the hundred thousands digit of 40467801?
4
What is the ten thousands digit of 180987172?
8
What is the tens digit of 66458114?
1
What is the units digit of 693189883?
3
What is the units digit of 1152005754?
4
What is the thousands digit of 1612060869?
0
What is the hundred thousands digit of 52206040?
2
What is the hundreds digit of 205631122?
1
What is the hundreds digit of 3633645828?
8
What is the ten thousands digit of 3685949130?
4
What is the tens digit of 53475127?
2
What is the hundred thousands digit of 57575927?
5
What is the hundred thousands digit of 59043335?
0
What is the hundreds digit of 262835348?
3
What is the hundreds digit of 255032924?
9
What is the hundreds digit of 6556204455?
4
What is the ten thousands digit of 420270737?
7
What is the hundreds digit of 666495173?
1
What is the hundreds digit of 550073476?
4
What is the millions digit of 5155267422?
5
What is the billions digit of 4024296455?
4
What is the units digit of 493255446?
6
What is the ten millions digit of 55686274?
5
What is the thousands digit of 714234396?
4
What is the units digit of 83015986?
6
What is the ten thousands digit of 2143688408?
8
What is the ten thousands digit of 402082744?
8
What is the thousands digit of 155102668?
2
What is the tens digit of 1188149194?
9
What is the millions digit of 299240394?
9
What is the ten thousands digit of 229868748?
6
What is the units digit of 865421254?
4
What is the hundred thousands digit of 143908380?
9
What is the tens digit of 16102351?
5
What is the millions digit of 4607915?
4
What is the ten thousands digit of 30195177?
9
What is the tens digit of 39648004?
0
What is the units digit of 92720486?
6
What is the hundreds digit of 8280822?
8
What is the hundred millions digit of 145485794?
1
What is the millions digit of 438545500?
8
What is the ten millions digit of 581282734?
8
What is the units digit of 3607885856?
6
What is the thousands digit of 200896001?
6
What is the hundred thousands digit of 477470278?
4
What is the units digit of 92243749?
9
What is the hundreds digit of 234309233?
2
What is the units digit of 54271247?
7
What is the ten thousands digit of 156451477?
5
What is the millions digit of 2182967669?
2
What is the billions digit of 1562968944?
1
What is the thousands digit of 62886594?
6
What is the tens digit of 707057353?
5
What is the tens digit of 516167305?
0
What is the thousands digit of 755992262?
2
What is the units digit of 6015409180?
0
What is the ten thousands digit of 1950336396?
3
What is the hundreds digit of 960744690?
6
What is the thousands digit of 7659726?
9
What is the thousands digit of 7616486858?
6
What is the millions digit of 4169947229?
9
What is the tens digit of 318986010?
1
What is the ten thousands digit of 156263167?
6
What is the hundreds digit of 68200304?
3
What is the hundred thousands digit of 1898654643?
6
What is the hundred millions digit of 139620388?
1
What is the units digit of 298878369?
9
What is the millions digit of 85919761?
5
What is the units digit of 29825421?
1
What is the thousands digit of 72430002?
0
What is the hundred millions digit of 753799249?
7
What is the tens digit of 358073166?
6
What is the tens digit of 82179838?
3
What is the ten thousands digit of 8609948355?
4
What is the ten millions digit of 1507311765?
0
What is the hundred thousands digit of 426002963?
0
What is the billions digit of 2037834307?
2
What is the millions digit of 24533147?
4
What is the hundred thousands digit of 58761453?
7
What is the units digit of 7210481786?
6
What is the ten millions digit of 3982287338?
8
What is the billions digit of 2405474052?
2
What is the hundred millions digit of 296052786?
2
What is the millions digit of 2896170886?
6
What is the units digit of 25620922?
2
What is the ten thousands digit of 33957438?
5
What is the tens digit of 111482625?
2
What is the millions digit of 73254130?
3
What is the ten millions digit of 120364124?
2
What is the ten millions digit of 463981547?
6
What is the millions digit of 402810999?
2
What is the ten thousands digit of 1011063545?
6
What is the millions digit of 4873382?
4
What is the thousands digit of 86020748?
0
What is the tens digit of 60272590?
9
What is the ten millions digit of 338798255?
3
What is the units digit of 1018666361?
1
What is the millions digit of 3714881676?
4
What is the millions digit of 46633310?
6
What is the tens digit of 40716247?
4
What is the units digit of 67862680?
0
What is the hundred thousands digit of 170715311?
7
What is the ten thousands digit of 14225123?
2
What is the thousands digit of 16896611?
6
What is the ten millions digit of 185624717?
8
What is the thousands digit of 1133644766?
4
What is the units digit of 36994965?
5
What is the millions digit of 25402993?
5
What is the ten millions digit of 621840896?
2
What is the hundred thousands digit of 909156357?
1
What is the hundreds digit of 329053030?
0
What is the hundreds digit of 370783829?
8
What is the hundreds digit of 237446801?
8
What is the units digit of 1436112693?
3
What is the hundreds digit of 11149309?
3
What is the thousands digit of 1829696285?
6
What is the units digit of 516736118?
8
What is the billions digit of 2079266246?
2
What is the hundred millions digit of 200358500?
2
What is the ten thousands digit of 5076888161?
8
What is the hundred millions digit of 780096296?
7
What is the millions digit of 17665338?
7
What is the thousands digit of 81829881?
9
What is the tens digit of 622047589?
8
What is the hundred thousands digit of 228678037?
6
What is the units digit of 67937906?
6
What is the hundreds digit of 19806771?
7
What is the thousands digit of 2848387876?
7
What is the ten millions digit of 37050352?
3
What is the ten thousands digit of 380731171?
3
What is the units digit of 419822888?
8
What is the tens digit of 188909325?
2
What is the hundred thousands digit of 39245568?
2
What is the hundreds digit of 3267069223?
2
What is the hundred millions digit of 385483749?
3
What is the hundred thousands digit of 516555093?
5
What is the ten millions digit of 392677131?
9
What is the ten thousands digit of 120990524?
9
What is the millions digit of 1194014792?
4
What is the thousands digit of 161172540?
2
What is the ten millions digit of 289850181?
8
What is the hundreds digit of 1041877123?
1
What is the tens digit of 69012927?
2
What is the hundred thousands digit of 4063156346?
1
What is the hundred thousands digit of 804406989?
4
What is the ten millions digit of 537977666?
3
What is the ten thousands digit of 13222366?
2
What is the hundred thousands digit of 599379097?
3
What is the thousands digit of 4606402752?
2
What is the hundred thousands digit of 11938095?
9
What is the tens digit of 1282055143?
4
What is the billions digit of 2041683532?
2
What is the thousands digit of 11629332?
9
What is the tens digit of 100639911?
1
What is the millions digit of 115673043?
5
What is the hundreds digit of 37914379?
3
What is the ten millions digit of 307651802?
0
What is the thousands digit of 49039014?
9
What is the hundred thousands digit of 784836350?
8
What is the hundred thousands digit of 883158862?
1
What is the billions digit of 3395531193?
3
What is the thousands digit of 33983103?
3
What is the units digit of 501568688?
8
What is the hundreds digit of 1039306478?
4
What is the tens digit of 2324563290?
9
What is the tens digit of 1020864405?
0
What is the billions digit of 1245919269?
1
What is the hundred millions digit of 2031654431?
0
What is the millions digit of 364934644?
4
What is the hundreds digit of 65776349?
3
W